+ 2*i**2 + 4*i. Let r be a(3). Suppose -r*j + 33 = k. What is the units digit of j?
9
Let w = 12 + -9. Suppose -w*d - 95 = -8*d. What is the tens digit of d?
1
Let j be (-1 + 1)/3*-1. Suppose 3*t = 3, -o + j*t - 6 = -2*t. What is the units digit of (-2 - -7) + (-2 - o)?
7
Let c(q) = 7*q + 14. What is the tens digit of c(11)?
9
Let g(l) = -l**2 - 5*l + 2. Let m be g(-4). Let q(b) be the first derivative of b**4/4 - 5*b**3/3 - 5*b**2/2 - b + 1. What is the units digit of q(m)?
5
Let n(l) = 4*l**2 + 2*l + 5. Let z(h) = 3*h**2 + h + 5. Let d(o) = -4*n(o) + 5*z(o). Let s(m) = m - 2. Let p be s(-2). What is the units digit of d(p)?
1
Let c be (-48)/(-40) - 1/5. Let u be (0 - -1)*0/(-3). Let y = c - u. What is the units digit of y?
1
Suppose -2*m + 10 = -4. Let r = 8 - m. What is the units digit of r?
1
Let a(f) = f**2 + 3*f - 2. Let x(o) = -o**2 + 4*o + 7. Let z be x(5). Let b be a(z). Let q = b - 0. What is the units digit of q?
8
Let y(n) be the second derivative of 3*n**3/2 - n**2 + 2*n. What is the tens digit of y(3)?
2
Let c = 48 + 15. Suppose 0*w + 3*w - c = 0. What is the tens digit of w?
2
Let g = 70 + -52. What is the tens digit of g?
1
Suppose -q = -2*a + 3, q + 2*a = -3*a + 18. Suppose 2*p - 76 = -5*j, -3 = q*j + 5*p - 41. Let o = 27 - j. What is the units digit of o?
1
Suppose 2*k - 1 - 3 = 0. Suppose -3*y - k*y + u + 68 = 0, 3*y - 36 = -u. What is the tens digit of y?
1
Let b be -2 + 5 - 2*-1. Suppose 0 = u - l + b*l - 23, 5*u - 138 = 3*l. What is the units digit of u?
7
Let m(c) = 2*c + 14. Let w be m(-11). Let q = w + 11. Suppose -5*l - 5*z + 18 = -17, -13 = l - q*z. What is the units digit of l?
2
Let h(j) = -3*j - 1. Let o be h(-6). Suppose 5*w = 8 + o. Let u = w - 3. What is the units digit of u?
2
Let u(i) be the second derivative of -i**3/2 + 2*i. What is the units digit of u(-6)?
8
Suppose 15*h - 16*h = -275. What is the units digit of h?
5
Let y be (-1)/2*0/(-3). Suppose y = m - s - 42, 2*s = 3*m + s - 118. What is the tens digit of m?
3
Suppose 0 = -3*x - 0*x - 27. Let y = x + 14. Suppose -3*n + 17 = y. What is the units digit of n?
4
Let j(l) = l**3 - 6*l**2 + l + 5. Let k be j(6). Let q = -2 + k. What is the units digit of q?
9
Suppose 2*z - 8 = -2*z. What is the units digit of 2 - (0 + z)*-1?
4
Let s(y) = y**2 + 2*y + 27. What is the units digit of s(0)?
7
Suppose 7*f = 5*f + 266. What is the tens digit of f?
3
Let z(s) = -s**3 - 6*s**2 + 3*s - 7. Let d be z(-7). Suppose 3*x - d - 18 = 0. What is the units digit of x?
3
Let a be (-9)/(-6) - (-10)/4. Let m be -1 + (a - 0/2). Let f = m - 2. What is the units digit of f?
1
Suppose -6*m + m + 4*z = -20, -z - 27 = -4*m. Let w be 28/m + 3/2. Suppose 0 = w*t - 24 - 6. What is the units digit of t?
6
Let q be (2/(-3))/(8/(-60)). Suppose -q*k - 5*o + 25 = 0, -3*o + 2*o = 2*k - 7. Suppose 0 = u + 2*m + k, 2*u = -0*m + 4*m + 28. What is the units digit of u?
6
Let j = 2 + -20. Let t = j - -8. Let d = t - -16. What is the units digit of d?
6
Let v = -50 - -77. What is the units digit of v?
7
What is the hundreds digit of (-12)/21 + (-9768)/(-42)?
2
Suppose -11 = -2*w + 17. Suppose 0 = 5*n, 2*h + n + 0*n = -w. Let t = 12 + h. What is the units digit of t?
5
Let p(x) = -8*x - 3. What is the units digit of p(-5)?
7
Suppose 123 = 6*r - 9*r. Let u = r + 78. What is the tens digit of u?
3
What is the units digit of 8/(-6)*9/(-3)?
4
Let r(d) = 3*d**2 - d - 4. What is the tens digit of r(9)?
3
Let w = 68 - 39. What is the units digit of w?
9
Let d(k) = -k**2 - 1. Let a(s) = s**2 + 9*s - 1. Let q(h) = a(h) + 2*d(h). What is the units digit of q(5)?
7
Let z(g) = g + 5. Let b be z(0). Let d(v) = v**2 - 4*v + 2. Let p be d(b). What is the units digit of p + -1 + (-3 - -1)?
4
Suppose -3*m - 2 = -14. Let t(o) be the third derivative of o**6/120 - o**5/20 - o**4/12 - o**3/3 + 2*o**2. What is the units digit of t(m)?
6
Let z(x) = 6*x**2 - 5*x + 3. What is the units digit of z(2)?
7
Suppose -2*a + 4*a - 16 = 5*r, -3*a + 2*r = -2. Let n be (-3 - 6)/(2/a). Suppose -55 = 4*b - n*b. What is the tens digit of b?
1
What is the hundreds digit of -103*2/(-1) - 0?
2
Let v be (1 + 1)/(8/52). Let h = v + -8. What is the units digit of h?
5
Let y = -244 - -343. What is the tens digit of y?
9
Let f(w) = -4*w - 10. Let x be f(-9). Suppose 14 = 5*m - x. What is the units digit of m?
8
Let m = 239 + 77. What is the tens digit of m?
1
Let w(l) be the second derivative of l**4/6 - l**3/6 - 3*l. What is the units digit of w(-1)?
3
Suppose 2*j - j = 3. Suppose -38 + 11 = -3*o. Let q = o + j. What is the units digit of q?
2
Let f be (-1)/(-2)*(13 - -1). Let k be (-80)/14 - 2/f. What is the tens digit of k*-6*(-2)/(-4)?
1
Suppose -3*j + 10 = v, -2*v = -0*v - 4*j - 20. Suppose 5*l - 80 = -v. What is the tens digit of l?
1
Let d(b) = 3*b - 8. Let y(q) = -12*q + 33. Let j(u) = 21*d(u) + 5*y(u). Let i be j(2). Suppose -l = -s + i, -1 = -s - 2*s - 5*l. What is the units digit of s?
2
Let s = -7 - -7. Suppose 4*m = -s*m + 20. What is the units digit of m?
5
Let s(z) be the second derivative of z**3/6 + z**2 - 2*z. What is the units digit of s(6)?
8
Let j = -24 - -75. What is the tens digit of j?
5
What is the tens digit of 28/((-2 - 2) + 30/5)?
1
Let p(q) = q**3 + q**2 - 2*q + 21. What is the tens digit of p(0)?
2
Let q(m) = -m**3 + m**2 - 4*m + 36. What is the tens digit of q(0)?
3
Suppose 0 = 2*p + 2*p + 4. Let b = -4 - p. What is the tens digit of -12*(1 - (-1 - b))?
1
What is the tens digit of (-500)/(-14) + (-2)/(-7)?
3
Let r(w) = w**2 - 1. Let l be r(-2). Suppose 0 = -j - l*j + 116. What is the units digit of j?
9
Let k(o) = 0*o - 2*o + o + 3. What is the units digit of k(-5)?
8
Let i(q) = 21*q + 1. What is the tens digit of i(2)?
4
Let r = -3 - -4. Let x(v) = 2*v**2 - v + 1. Let y be x(r). Suppose 36 = 2*d + y*f, -15 = -2*d - 0*d + 5*f. What is the units digit of d?
5
Let f(h) = 4*h - 1 + 2*h**3 - 4*h + h. Let t be f(1). What is the units digit of 1 + (2 - t - -1)?
2
Let o = 2 - 4. Let a be 0/(2*-2) - 1. Let r = a - o. What is the units digit of r?
1
Let h = -6 - -19. Let o(a) = 3*a - 19. What is the tens digit of o(h)?
2
Let u(k) = 3*k + 37. What is the tens digit of u(9)?
6
Let g(i) = i + 5. Let f be g(-7). Let r = f - -11. What is the units digit of r?
9
Let o = -11 - -37. What is the tens digit of o?
2
Let v = 167 - 70. What is the units digit of v?
7
Let g = 5 - 2. What is the units digit of g - -1*4*1?
7
What is the units digit of (3 - -3)*123/18?
1
Let r(w) = 2*w**2 + 11*w + 13. What is the units digit of r(-10)?
3
Suppose 5*a = -0*a - 400. Let d = 122 + a. What is the units digit of d?
2
Let o(s) = 2 - 4*s**3 + 5*s**3 + 0. What is the units digit of o(0)?
2
Let w(k) = 8*k**2 - 4*k + 3. Let a be w(2). Let q = -6 + a. What is the tens digit of q?
2
Let s be 3/18 + (-155)/30. What is the units digit of 0 - (s*2 - 1)?
1
Let c(t) be the third derivative of t**5/60 - t**4/4 + 5*t**3/6 + t**2. Let n = 14 + -8. What is the units digit of c(n)?
5
Let y = -27 + 53. What is the tens digit of y?
2
Let f(c) = 2 - 2*c + 6 + c. Suppose 3*k - 26 = -2*o, 4*k - 30 = 4*o - 6*o. What is the units digit of f(o)?
1
Suppose 0 = -5*b + 6*b - 17. Let g = b - 9. What is the units digit of g?
8
Let v(c) = c**2 - 1. Let g be v(-2). Suppose -4*s - 4*w + 24 = 0, -15 = -3*s + g*w + 3. What is the units digit of s?
6
Suppose 0 = -3*p - 2*p + 90. Suppose p = 4*k + f - 71, -4*f - 43 = -3*k. What is the units digit of k?
1
Let z(u) = 4*u**3 + 7*u**2 - 10*u - 1. What is the units digit of z(4)?
7
Let u(q) = 2*q**2 + 2*q + 21. What is the tens digit of u(0)?
2
Let i(f) = -3*f**2 - f + 75. What is the tens digit of i(0)?
7
Let m(r) = -r**2 - r + 26. What is the units digit of m(0)?
6
Let m(p) = p + 7. Let c be m(-6). What is the units digit of 62/2 - (-3 + c)?
3
Let t(k) = 268*k**2 + 1. Let x be t(-1). Suppose -5*g - 3*l + x = 0, -2*g - 8 = -l - 109. What is the units digit of g?
2
Let z be -2 + 4 + (-1 - -1). What is the units digit of 10*(z + (-4)/5)?
2
Let t = 68 + -38. Let d = t - 15. Suppose -d = -2*f - f. What is the units digit of f?
5
Let z = -9 + 11. Let o be 0/z + (-2)/(-1). Suppose 5*h + 0*h - o*x - 25 = 0, 0 = h - 5*x - 28. What is the units digit of h?
3
Let j = 596 + -328. What is the hundreds digit of j?
2
Let s = 338 - 239. What is